{"id":68,"date":"2023-04-09T14:49:43","date_gmt":"2023-04-09T14:49:43","guid":{"rendered":"https:\/\/xn--mntyl-grae.fi\/?page_id=68"},"modified":"2024-03-29T17:01:59","modified_gmt":"2024-03-29T17:01:59","slug":"yhteystiedot-ongelma-puunkaato","status":"publish","type":"page","link":"https:\/\/xn--mntyl-grae.fi\/index.php\/yhteystiedot-ongelma-puunkaato\/","title":{"rendered":"Yhteystiedot ongelmapuunkaato"},"content":{"rendered":"\n<p class=\"has-large-font-size\"><strong><a href=\"https:\/\/xn--mntyl-grae.fi\/\">www.m\u00e4ntyl\u00e4.fi<\/a><\/strong><\/p>\n\n\n\n<p><strong><a href=\"http:\/\/youtu.be\/d4JRLEQjNe8\">Piha- ja ongelmapuiden kaatopalvelu M\u00e4ntyl\u00e4<\/a><\/strong>&nbsp; Osoite: T\u00e4htisentie 30, 28450 Vanha-Ulvila<\/p>\n\n\n\n<p><a href=\"http:\/\/www.xn--mntyl-grae.fi\/images\/lehtileike.pdf\"><\/a>Email: ari@m\u00e4ntyl\u00e4.fi &nbsp;<strong> <a href=\"mailto:ari@m\u00e4ntyl\u00e4.fi\" data-type=\"mailto\" data-id=\"mailto:ari@m\u00e4ntyl\u00e4.fi\">T\u00e4st\u00e4 l\u00e4het\u00e4t postia.<\/a><\/strong><a href=\"mailto:ari.mantyla@nic.fi\"><br><\/a>tai ari@xn--mntyl-grae.fi <a href=\"mailto:ari@xn--mntyl-grae.fi\" data-type=\"mailto\" data-id=\"mailto:ari@xn--mntyl-grae.fi\">T\u00e4st\u00e4 l\u00e4het\u00e4t postia.<\/a><\/p>\n\n\n\n<p><a href=\"https:\/\/xn--mntyl-grae.fi\/wp-content\/uploads\/2024\/03\/Pihapuun-kaatomainos.pdf\" data-type=\"link\" data-id=\"https:\/\/xn--mntyl-grae.fi\/wp-content\/uploads\/2024\/03\/Pihapuun-kaatomainos.pdf\">Puhelin<\/a>: 0400 326 312<strong>&nbsp;&nbsp;&nbsp; <a href=\"tel:0400326312\">T\u00e4st\u00e4 soittelet<\/a>.<\/strong><\/p>\n\n\n\n<p>Tavoitatte parhaiten s\u00e4hk\u00f6postilla, tekstiviestill\u00e4 tai j\u00e4tt\u00e4m\u00e4ll\u00e4 puhelinvastaajaan soittopyynn\u00f6n &#8221;puun kaadosta&#8221;.&nbsp; Olen teihin yhteydess\u00e4 kahden p\u00e4iv\u00e4n kuluessa.<\/p>\n\n\n\n<p>Y-tunnus: <a href=\"https:\/\/tietopalvelu.ytj.fi\/yritys\/1441052-9\" data-type=\"link\" data-id=\"https:\/\/tietopalvelu.ytj.fi\/yritys\/1441052-9\">1441052-9<\/a><br>Web: <a href=\"http:\/\/www.xn--mntyl-grae.fi\"><strong>www.m\u00e4ntyl\u00e4.fi<\/strong><\/a><\/p>\n\n\n\n<p><a href=\"https:\/\/xn--mntyl-grae.fi\/index.php\/lehtileikkeet\" data-type=\"link\" data-id=\"https:\/\/xn--mntyl-grae.fi\/index.php\/lehtileikkeet\">Klikkaa lehdiss\u00e4 olleisiin artikkeleihin.<\/a><\/p>\n\n\n\n<figure class=\"wp-block-image size-full\"><img loading=\"lazy\" decoding=\"async\" width=\"273\" height=\"463\" src=\"https:\/\/xn--mntyl-grae.fi\/wp-content\/uploads\/2024\/03\/puukiipeilija-12.jpg\" alt=\"\" class=\"wp-image-216\" srcset=\"https:\/\/xn--mntyl-grae.fi\/wp-content\/uploads\/2024\/03\/puukiipeilija-12.jpg 273w, https:\/\/xn--mntyl-grae.fi\/wp-content\/uploads\/2024\/03\/puukiipeilija-12-177x300.jpg 177w\" sizes=\"auto, (max-width: 273px) 100vw, 273px\" \/><figcaption class=\"wp-element-caption\">Haluan kiitt\u00e4\u00e4 teit\u00e4 mielenkiinnosta yrityksen WWW-sivuja kohtaan ja seuraavaksi yhteydenottoon, jotta puut saadaan ojennukseen ja piha viihtyis\u00e4n edustavaksi.<\/figcaption><\/figure>\n\n\n\n<p class=\"has-base-color has-text-color has-link-color wp-elements-6587ab6305608a7e581c87dbed39fcee\"><small><br>Toimintaa kuvaavia asiasanoja<\/small><br><a href=\"https:\/\/xn--mntyl-grae.fi\/index.php\/yleista\" data-type=\"link\" data-id=\"https:\/\/xn--mntyl-grae.fi\/index.php\/yleista\">arboristeja<\/a> arboristi Ari harvennukset insin\u00f6\u00f6ri kaato kiipeily Kokem\u00e4ki Luvia<br><br><strong>metsuri metsurity\u00f6 mets\u00e4alan palvelut me<\/strong>ts\u00e4alan ty\u00f6t mets\u00e4nhoitopalvelut<br><br>mets\u00e4palvelu mets\u00e4palveluita mets\u00e4palvelut mets\u00e4talouden palveluja<br><br>mets\u00e4talouden palvelut mets\u00e4talouden ty\u00f6t mets\u00e4talous mets\u00e4talouspalvelut<br><br>mets\u00e4ty\u00f6 mets\u00e4t\u00f6it\u00e4 mets\u00e4urakointi mets\u00e4urakointia moottorisaha M\u00e4ntyl\u00e4<br><br>Nakkila omakotitalo ongelma puut ongelmapuiden kaato ongelmapuiden kaatoa<br><br>ongelmapuu ongelmapuun kaadot ongelmapuun kaato ongelmapuut pihapuiden<br><br>hakkuu pihapuiden hoito pihapuiden hoitoa pihapuiden kaadot pihapuiden kaato<br><br>Pihapuiden kaatoa pihapuu pihapuun kaato pihapuunkaatoa pihapuut Pori<br><br>puiden hakkaus puiden hakkuu puiden hoito puiden hoitoa puiden kaadot puiden<br><br>kuntotutkimuksia puiden kuntotutkimukset puiden leikkaukset puiden leikkaus<br><br>puiden poiskuljetus puidenhoitopalvelut puidenkaadot puidenkaato<br><a href=\"https:\/\/www.metsapalveluvastamaa.fi\/\">Mets\u00e4palvelu Vastamaa J.<\/a> <a href=\"https:\/\/karhuforest.fi\/index.html\">KARHU FOREST OY<\/a> <a href=\"https:\/\/www.kaatoville.fi\/\" data-type=\"link\" data-id=\"https:\/\/www.kaatoville.fi\/\">Kaatoville Oy<\/a> <a href=\"https:\/\/www.timbertrio.fi\/\" data-type=\"link\" data-id=\"https:\/\/www.timbertrio.fi\/\">ONGELMAPUIDEN KAADOT PORIN JA ULVILAN SEUDULLA<\/a> <a href=\"https:\/\/www.vilppaankaatopalvelu.com\/\">https:\/\/www.vilppaankaatopalvelu.com\/<\/a><br>puidenkaatoa puukaadot puun hoito puun kaadot puun kaato puun kaatoa puun<br><br><a href=\"https:\/\/xn--mntyl-grae.fi\/index.php\/yleista\" data-type=\"link\" data-id=\"https:\/\/xn--mntyl-grae.fi\/index.php\/yleista\">kaatoja<\/a> puun leikkaus puunkaadot puunkaataminen puunkaato puunkaatoa<br><br><a href=\"https:\/\/xn--mntyl-grae.fi\/index.php\/yleista\" data-type=\"link\" data-id=\"https:\/\/xn--mntyl-grae.fi\/index.php\/yleista\">puunkaatoja<\/a> puunkorjuu puutarhat\u00f6it\u00e4 rakentaminen Satakunta suunnittelu talo<br><br>tontti <a href=\"http:\/\/m\u00e4ntyl\u00e4.fi\" data-type=\"link\" data-id=\"m\u00e4ntyl\u00e4.fi\">Ulvila<\/a> urakka viher ymp\u00e4rist\u00f6 metsuri taloudellisesti puun kaatoon puiden<br><br>\u00a0kaatoa taloudellisesti porin takousalueella <a href=\"http:\/\/www.xn--mntyl-grae.fi\" data-type=\"link\" data-id=\"www.xn--mntyl-grae.fi\">MIT\u00c4 MAKSAA PUUN KAATO PORISSA<\/a>\u00a0<br><br>KANNATTAVASTI PUUNKAATOA ILMAINEN HINTA TARJOUS ARI M\u00c4NTYL\u00c4 KUUSET<br><br>M\u00c4NNYT JA KOIVUT KAATUVAT VAUHDIKKAASTI OTA YHTEYTT\u00c4 JA SAAT<br><br>HALLITUSTI TONTIN KUNTOON PORIN TALOUSALUEELLA SATAKUNNASSA ILMAN<br><br>NOSTUREITA VAKUUTUS ON KILPAILU ON T\u00c4T\u00c4 P\u00c4IV\u00c4\u00c4 MOOTTORISAHA LAULAA<br><br>METSURIN SEURASSA JA TONTTI PYSYY MAISEMATY\u00d6LUPA ON T\u00c4RKE\u00c4 TEHOT IRTI<br><br>MIST\u00c4 L\u00d6YD\u00c4N PUUNKAATAJAN MIK\u00c4 ON HINTA TARJOUSPALVELU KERTOO<br><br>VASTAUKSEN KYSYMYKSEEN KIIPEILYKAATO TARKKA TARJOUS KILPAILU MIT\u00c4<br><br>MAKSAA PUUN KAATO KIIRE TALJA V\u00c4NK\u00c4RI AMMATTITAITOINEN HUSQVARNA<br><br>VOLKSWAGEN MIST\u00c4 L\u00d6YD\u00c4N PUUNKAATAJAN KAAVA-ALUE TAAJAMA<br><br>METS\u00c4NHOITO VIDEO KOTITALOUSV\u00c4HENNYS OSAAJA MAISEMATY\u00d6LUPA<br><br>PUUNKAATOLUPA SAHAUS METSURI GOOGLE HAKUKONE HYV\u00c4 KIINTEIST\u00d6 YRITYS<br><br>YRITT\u00c4J\u00c4 PUUNKAATO PUIDENKAATO PUU KAATUU PUUSSA PURU SAHAAJA<br><br><a href=\"http:\/\/www.kotipuutarha.fi\/\">http:\/\/www.kotipuutarha.fi\/<\/a><a href=\"http:\/\/www.husqvarna.fi\/\">www.husqvarna.fi<\/a><a href=\"http:\/\/www.mhy.fi\/\">www.mhy.fi<\/a><a href=\"http:\/\/www.omakotilehti.fi\/\">http:\/\/www.omakotilehti.fi\/<\/a><a href=\"http:\/\/www.yle.fi\/\">www.yle.fi<\/a><a href=\"http:\/\/www.mets%E4%E4n.fi\/\">www.mets\u00e4\u00e4n.fi<\/a><a href=\"http:\/\/www.ulvilanseutu.fi\/fi\/etusivu.html\">http:\/\/www.ulvilanseutu.fi\/fi\/etusivu.html<\/a><a href=\"http:\/\/www.porinsanomat.fi\/\">http:\/\/www.porinsanomat.fi\/<\/a><a href=\"http:\/\/www.starkki.fi\/\">http:\/\/www.starkki.fi\/<\/a><a href=\"http:\/\/www.k-rauta.fi\/Pages\/Default.aspx\">http:\/\/www.k-rauta.fi\/Pages\/Default.aspx<\/a><a href=\"http:\/\/www.skype.fi\/\">www.skype.fi<\/a><a href=\"http:\/\/www.nordea.fi\/\">www.nordea.fi<\/a><a href=\"http:\/\/www.op.fi\/\">www.op.fi<\/a><a href=\"https:\/\/wilma.ulvila.fi\/\">https:\/\/wilma.ulvila.fi\/<\/a><a href=\"http:\/\/www.kodinterra.fi\/market\/kodinterra\">http:\/\/www.kodinterra.fi\/market\/kodinterra<\/a><a href=\"http:\/\/www.agrimarket.fi\/\">http:\/\/www.agrimarket.fi\/<\/a><a href=\"http:\/\/www.youtube.fi\/\">www.youtube.fi\u00a0<\/a><a href=\"http:\/\/gamma.nic.fi\/%7Eari0234\/\">http:\/\/gamma.nic.fi\/~ari0234\/<\/a><a href=\"http:\/\/gamma.nic.fi\/%7Eari0234\/yritys\/\">\u00a0http:\/\/gamma.nic.fi\/~ari0234\/yritys\/<\/a><br><small><small>ILMAINEN TARJOUS\u00a0 TALOUDELLINEN\u00a0 VERKOSTO\u00a0 OTA YHTEYTT\u00c4\u00a0 SOPIMUS\u00a0<br><br><br>VEROTTAJA\u00a0 ILTA VIIKONLOPPU HUSQVARNA STIHL MOOTTORISAHA<br><br>www.m\u00e4ntyl\u00e4.fi\u00a0 puun kaatoa ulvilassa,\u00a0 puiden kaatoa ulvilassa <a href=\"http:\/\/www.xn--mntyl-grae.fi\" data-type=\"link\" data-id=\"www.xn--mntyl-grae.fi\">www.m\u00e4ntyl\u00e4.fi<\/a><br><br><a href=\"http:\/\/www.xn--mntyl-grae.fi\" data-type=\"link\" data-id=\"www.xn--mntyl-grae.fi\">WWW.M\u00c4NTYL\u00c4.FI <\/a>Puun Kaatoa Porissa Porissa Puun Kaatoa Satakunnassa.<br><br><br><\/small><\/small><a href=\"http:\/\/www.google.fi\/\">www.google.fi<\/a><a href=\"http:\/\/www.satakunnankansa.fi\/\">www.satakunnankansa.fi<\/a><a href=\"http:\/\/www.metsalehti.fi\/\">www.metsalehti.fi<\/a><a href=\"http:\/\/www.facebook.fi\/\">www.facebook.fi<\/a><a href=\"http:\/\/www.pori.fi\/\">www.pori.fi<\/a><a href=\"http:\/\/www.ulvila.fi\/\">www.ulvila.fi<\/a><a href=\"http:\/\/www.nakkila.fi\/\">www.nakkila.fi<\/a><a href=\"http:\/\/www.harjavalta.fi\/\">www.harjavalta.fi<\/a><a href=\"http:\/\/www.ilmatieteenlaitos.fi\/\">www.ilmatieteenlaitos.fi<\/a><a href=\"http:\/\/www.luvia.fi\/\">www.luvia.fi<\/a><a href=\"http:\/\/www.satakunta.fi\/\">www.satakunta.fi<\/a><a href=\"http:\/\/www.prisma.fi\/\">www.prisma.fi<\/a><a href=\"https:\/\/twitter.com\/\">https:\/\/<strong>twitter<\/strong>.com\/<\/a><a href=\"http:\/\/www.yle.fi\/saa\/\">www.yle.fi\/saa\/<\/a><a href=\"http:\/\/www.iltalehti.fi\/\">www.iltalehti.fi<\/a><a href=\"http:\/\/www.iltasanomat.fi\/\">www.iltasanomat.fi<\/a><a href=\"http:\/\/www.google.com\/\">www.google.com<\/a><a href=\"http:\/\/www.suomi24.fi\/\">www.suomi24.fi<\/a><a href=\"http:\/\/www.mtv3.fi\/\">www.mtv3.fi<\/a><a href=\"http:\/\/www.metsalehti.fi\/\">www.metsalehti.fi<\/a><a href=\"http:\/\/www.m%e4ntyl%e4.fi\/\">www.m\u00e4ntyl\u00e4.fi<\/a><a href=\"http:\/\/www.yle.fi\/tekstitv\">www.yle.fi\/tekstitv<\/a><a href=\"http:\/\/www.helsinginsanomat.fi\/\">www.helsinginsanomat.fi<\/a><a href=\"http:\/\/www.telkku.com\/\">www.telkku.com<\/a><a href=\"http:\/\/www.eniro.fi\/\">www.eniro.fi<\/a><a href=\"http:\/\/www.taloussanomat.fi\/\">www.taloussanomat.fi<\/a><a href=\"http:\/\/www.kauppalehti.fi\/\">www.kauppalehti.fi<\/a><a href=\"http:\/\/www.tekniikanmaailma.fi\/\">www.tekniikanmaailma.fi<\/a><a href=\"http:\/\/www.paikkatietoikkuna.fi\/\">www.paikkatietoikkuna.fi<\/a><a href=\"http:\/\/www.interhome.fi\/\">www.interhome.fi<\/a><a href=\"http:\/\/www.foreca.fi\/\">www.foreca.fi<\/a><a href=\"http:\/\/www.sports-tracker.com\/\">http:\/\/www.sports-tracker.com\/<\/a><a href=\"http:\/\/www.omapiha.info\/\">htthttp:\/\/www.viherpiha.fi\/lehtip:\/\/www.omapiha.info\/<\/a><\/p>\n\n\n\n<p class=\"has-base-color has-text-color has-link-color wp-elements-1c4c626f62b43b2a2417da415e08f825\"><a href=\"http:\/\/www.youtube.fi\">www.youtube.fi<\/a>&nbsp;&nbsp;<a href=\"http:\/\/www.google.fi\">www.google.fi<\/a> <a href=\"http:\/\/www.satakunnankansa.fi\">www.satakunnankansa.fi&nbsp;<\/a>&nbsp;<a href=\"http:\/\/www.metsalehti.fi\">www.metsalehti.fi<\/a>&nbsp;<\/p>\n\n\n\n<p class=\"has-base-color has-text-color has-link-color wp-elements-efa0699517c63c3fce7e8c37b6c0c025\"><a href=\"http:\/\/www.facebook.fi\">www.facebook.fi<\/a>&nbsp;&nbsp; <a href=\"http:\/\/www.pori.fi\">www.pori.fi<\/a> <a href=\"http:\/\/www.ulvila.fi\">www.ulvila.fi<\/a> <a href=\"http:\/\/www.nakkila.fi\">www.nakkila.fi<\/a> <a href=\"http:\/\/www.harjavalta.fi\">www.harjavalta.fi<\/a><\/p>\n\n\n\n<p class=\"has-base-color has-text-color has-link-color wp-elements-2014e475272166df05adf5d68b074a58\"><a href=\"http:\/\/www.ilmatieteenlaitos.fi\">www.ilmatieteenlaitos.fi<\/a>&nbsp;&nbsp;<a href=\"http:\/\/www.luvia.fi\">www.luvia.fi<\/a> <a href=\"http:\/\/www.satakunta.fi\">www.satakunta.fi<\/a> <a href=\"http:\/\/www.prisma.fi\">www.prisma.fi<\/a><\/p>\n\n\n\n<p class=\"has-base-color has-text-color has-link-color wp-elements-d75c489d8670cc32d707a5f15453769e\"><a href=\"https:\/\/twitter.com\">https:\/\/twitter.com<\/a>\/ <a href=\"http:\/\/www.yle.fi\/saa\/\" data-type=\"link\" data-id=\"www.yle.fi\/saa\/\">www.yle.fi\/saa\/<\/a> <a href=\"http:\/\/www.iltalehti.fi\" data-type=\"link\" data-id=\"www.iltalehti.fi\">www.iltalehti.fi<\/a> <a href=\"http:\/\/www.iltasanomat.fi\" data-type=\"link\" data-id=\"www.iltasanomat.fi\">www.iltasanomat.fi<\/a>&nbsp;&nbsp;<a href=\"http:\/\/www.google.com\" data-type=\"link\" data-id=\"www.google.com\">www.google.com<\/a><\/p>\n\n\n\n<p class=\"has-base-color has-text-color has-link-color wp-elements-6e1758136f4e3c1dae161a9f1a893f22\"><a href=\"http:\/\/www.suomi24.fi\" data-type=\"link\" data-id=\"www.suomi24.fi\">www.suomi24.fi<\/a> <a href=\"http:\/\/www.mtv3.fi\" data-type=\"link\" data-id=\"www.mtv3.fi\">www.mtv3.fi<\/a>&nbsp;&nbsp;<a href=\"http:\/\/www.metsalehti.fi\" data-type=\"link\" data-id=\"www.metsalehti.fi\">www.metsalehti.fi<\/a> <a href=\"http:\/\/www.m\u00e4ntyl\u00e4.fi\" data-type=\"link\" data-id=\"www.m\u00e4ntyl\u00e4.fi\">www.m\u00e4ntyl\u00e4.fi<\/a> <a href=\"http:\/\/www.yle.fi\/tekstitv\" data-type=\"link\" data-id=\"www.yle.fi\/tekstitv\">www.yle.fi\/tekstitv<\/a>&nbsp;&nbsp;&nbsp;&nbsp;&nbsp;&nbsp;<\/p>\n\n\n\n<p class=\"has-base-color has-text-color has-link-color wp-elements-f3cd07ff1df5c8a9d8f78cc47167d9cf\"><a href=\"http:\/\/www.helsinginsanomat.fi\" data-type=\"link\" data-id=\"www.helsinginsanomat.fi\">www.helsinginsanomat.fi<\/a> <a href=\"http:\/\/www.telkku.com\" data-type=\"link\" data-id=\"www.telkku.com\">www.telkku.com<\/a> <a href=\"http:\/\/www.eniro.fi\" data-type=\"link\" data-id=\"www.eniro.fi\">www.eniro.fi<\/a> <a href=\"http:\/\/www.taloussanomat.fi\" data-type=\"link\" data-id=\"www.taloussanomat.fi\">www.taloussanomat.fi<\/a><\/p>\n\n\n\n<p class=\"has-base-color has-text-color has-link-color wp-elements-0daa95a34d0ffcf8961054fe2e8a0043\"><a href=\"http:\/\/www.kauppalehti.fi\" data-type=\"link\" data-id=\"www.kauppalehti.fi\">www.kauppalehti.fi<\/a> <a href=\"http:\/\/www.tekniikanmaailma.fi\" data-type=\"link\" data-id=\"www.tekniikanmaailma.fi\">www.tekniikanmaailma.fi<\/a> <a href=\"http:\/\/www.paikkatietoikkuna.fi\" data-type=\"link\" data-id=\"www.paikkatietoikkuna.fi\">www.paikkatietoikkuna.fi<\/a> <a href=\"http:\/\/www.interhome.fi\" data-type=\"link\" data-id=\"www.interhome.fi\">www.interhome.fi<\/a><\/p>\n\n\n\n<p class=\"has-base-color has-text-color has-link-color wp-elements-f87a7d7bd31efc268fb9807ecba793ef\"><a href=\"http:\/\/www.foreca.fi\" data-type=\"link\" data-id=\"www.foreca.fi\">www.foreca.fi<\/a> <a href=\"http:\/\/www.sports-tracker.com\/\">http:\/\/www.sports-tracker.com\/<\/a> <a href=\"http:\/\/www.viherpiha.fi\/lehti\">http:\/\/www.viherpiha.fi\/lehti<\/a> <a href=\"http:\/\/www.omapiha.info\/\">http:\/\/www.omapiha.info\/<\/a> <a href=\"http:\/\/www.kotipuutarha.fi\/\">http:\/\/www.kotipuutarha.fi\/<\/a><\/p>\n\n\n\n<p class=\"has-base-color has-text-color has-link-color wp-elements-d6d71989f2af260cc9731021f7a26f9b\"><a href=\"http:\/\/www.husqvarna.fi\" data-type=\"link\" data-id=\"www.husqvarna.fi\">www.husqvarna.fi<\/a> <a href=\"http:\/\/www.mhy.fi\" data-type=\"link\" data-id=\"www.mhy.fi\">www.mhy.fi<\/a>&nbsp;&nbsp;<a href=\"http:\/\/www.omakotilehti.fi\/\">http:\/\/www.omakotilehti.fi\/<\/a> <a href=\"http:\/\/www.yle.fi\" data-type=\"link\" data-id=\"www.yle.fi\">www.yle.fi<\/a> <a href=\"http:\/\/www.mets\u00e4\u00e4n.fi\" data-type=\"link\" data-id=\"www.mets\u00e4\u00e4n.fi\">www.mets\u00e4\u00e4n.fi<\/a><\/p>\n\n\n\n<p class=\"has-base-color has-text-color has-link-color wp-elements-d49e794587e02fd49251bc9543724570\"><a href=\"http:\/\/www.ulvilanseutu.fi\" data-type=\"link\" data-id=\"http:\/\/www.ulvilanseutu.fi\">http:\/\/www.ulvilanseutu.fi<\/a> <a href=\"http:\/\/www.porinsanomat.fi\/\">http:\/\/www.porinsanomat.fi\/<\/a><\/p>\n\n\n\n<p class=\"has-base-color has-text-color has-link-color wp-elements-7b05c4f5433c53562e495fb282504602\"><a href=\"http:\/\/www.starkki.fi\/ \">http:\/\/www.starkki.fi\/<\/a> <a href=\"http:\/\/www.k-rauta.fi\/Pages\/Default.aspx\">http:\/\/www.k-rauta.fi\/Pages\/Default.aspx<\/a> <a href=\"http:\/\/www.skype.fi\" data-type=\"link\" data-id=\"www.skype.fi\">www.skype.fi<\/a><\/p>\n\n\n\n<p class=\"has-base-color has-text-color has-link-color wp-elements-ac83cdcf1612c0aff8042b3fec93943a\"><a href=\"http:\/\/www.nordea.fi\" data-type=\"link\" data-id=\"www.nordea.fi\">www.nordea.fi<\/a> <a href=\"http:\/\/www.op.fi\" data-type=\"link\" data-id=\"www.op.fi\">www.op.fi<\/a> <a href=\"https:\/\/wilma.ulvila.fi\/\">https:\/\/wilma.ulvila.fi\/<\/a><\/p>\n\n\n\n<p class=\"has-base-color has-text-color has-link-color wp-elements-2314ffe8299eee34324479330e4fc91b\"><a href=\"http:\/\/www.kodinterra.fi\/market\/kodinterra\">http:\/\/www.kodinterra.fi\/market\/kodinterra<\/a> <a href=\"http:\/\/www.agrimarket.fi\/\">http:\/\/www.agrimarket.fi\/<\/a><br><a href=\"http:\/\/www.konekeskusmikola.fi\/\">http:\/\/www.konekeskusmikola.fi\/<\/a> <a href=\"http:\/\/www.ptkone.fi\/\">http:\/\/www.ptkone.fi\/<\/a><\/p>\n","protected":false},"excerpt":{"rendered":"<p>www.m\u00e4ntyl\u00e4.fi Piha- ja ongelmapuiden kaatopalvelu M\u00e4ntyl\u00e4&nbsp; Osoite: T\u00e4htisentie 30, 28450 Vanha-Ulvila Email: ari@m\u00e4ntyl\u00e4.fi &nbsp; T\u00e4st\u00e4 l\u00e4het\u00e4t postia.tai ari@xn--mntyl-grae.fi T\u00e4st\u00e4 l\u00e4het\u00e4t postia. Puhelin: 0400 326 312&nbsp;&nbsp;&nbsp; T\u00e4st\u00e4 soittelet. Tavoitatte parhaiten s\u00e4hk\u00f6postilla, tekstiviestill\u00e4 tai j\u00e4tt\u00e4m\u00e4ll\u00e4 puhelinvastaajaan soittopyynn\u00f6n &#8221;puun kaadosta&#8221;.&nbsp; Olen teihin yhteydess\u00e4 kahden p\u00e4iv\u00e4n kuluessa. Y-tunnus: 1441052-9Web: www.m\u00e4ntyl\u00e4.fi Klikkaa lehdiss\u00e4 olleisiin artikkeleihin. Toimintaa kuvaavia asiasanojaarboristeja arboristi Ari [&hellip;]<\/p>\n","protected":false},"author":1,"featured_media":0,"parent":0,"menu_order":0,"comment_status":"closed","ping_status":"closed","template":"","meta":{"footnotes":""},"class_list":["post-68","page","type-page","status-publish","hentry"],"_links":{"self":[{"href":"https:\/\/xn--mntyl-grae.fi\/index.php\/wp-json\/wp\/v2\/pages\/68","targetHints":{"allow":["GET"]}}],"collection":[{"href":"https:\/\/xn--mntyl-grae.fi\/index.php\/wp-json\/wp\/v2\/pages"}],"about":[{"href":"https:\/\/xn--mntyl-grae.fi\/index.php\/wp-json\/wp\/v2\/types\/page"}],"author":[{"embeddable":true,"href":"https:\/\/xn--mntyl-grae.fi\/index.php\/wp-json\/wp\/v2\/users\/1"}],"replies":[{"embeddable":true,"href":"https:\/\/xn--mntyl-grae.fi\/index.php\/wp-json\/wp\/v2\/comments?post=68"}],"version-history":[{"count":45,"href":"https:\/\/xn--mntyl-grae.fi\/index.php\/wp-json\/wp\/v2\/pages\/68\/revisions"}],"predecessor-version":[{"id":364,"href":"https:\/\/xn--mntyl-grae.fi\/index.php\/wp-json\/wp\/v2\/pages\/68\/revisions\/364"}],"wp:attachment":[{"href":"https:\/\/xn--mntyl-grae.fi\/index.php\/wp-json\/wp\/v2\/media?parent=68"}],"curies":[{"name":"wp","href":"https:\/\/api.w.org\/{rel}","templated":true}]}}