{"id":85,"date":"2023-04-16T18:29:48","date_gmt":"2023-04-16T18:29:48","guid":{"rendered":"https:\/\/xn--mntyl-grae.fi\/?page_id=85"},"modified":"2024-03-24T20:44:57","modified_gmt":"2024-03-24T20:44:57","slug":"yleista-puunkaadosta-ulvilassa","status":"publish","type":"page","link":"https:\/\/xn--mntyl-grae.fi\/index.php\/yleista-puunkaadosta-ulvilassa\/","title":{"rendered":"Yleist\u00e4 puunkaadosta Ulvilassa"},"content":{"rendered":"\n<p>Pihapuu kasvaa ongelmallisesti kaadettavassa paikassa. Puuston kaataminen toteutetaan ammattitaitoisesti asiakkaan toiveet huomioiden. T\u00e4ss\u00e4 ovat Piha- ja ongelmapuiden kaatopalvelu M\u00e4ntyl\u00e4n liikeidean menestystekij\u00e4t. Piha- ja ongelmapuiden kaatopalvelu M\u00e4ntyl\u00e4n www.m\u00e4ntyl\u00e4.fi perustamisvuosi oli 1998. Tiedot l\u00f6ytyv\u00e4t lis\u00e4ksi <a href=\"https:\/\/tietopalvelu.ytj.fi\/yritys\/1441052-9\" data-type=\"URL\" data-id=\"https:\/\/tietopalvelu.ytj.fi\/yritys\/1441052-9\">Yritys- ja yhteis\u00f6tietoj\u00e4rjestelm\u00e4st\u00e4 (Y-tunnus: 1441052-9)<\/a>.<br><\/p>\n\n\n\n<p>Satakunnassa (Pori, Ulvila, Nakkila, Harjavalta, Kokem\u00e4ki, Luvia, Lavia jne.) omakotitalon omistava on merkitt\u00e4v\u00e4 palveluntilaaja. Kokem\u00e4enjoen ja Pihlavanluodon saarissa ongelmapuiden kaatoa kes\u00e4m\u00f6keill\u00e4. Palvelu toteutetaan asiakasyst\u00e4v\u00e4llisesti urakalla ja tilaajalle muodostuu etuk\u00e4teen tieto palvelun kokonaishinnasta. <strong><mark style=\"background-color:#FCC263\" class=\"has-inline-color\"><a href=\"https:\/\/xn--mntyl-grae.fi\/index.php\/piha-puun-kaato-palvelut\/\" data-type=\"URL\" data-id=\"https:\/\/xn--mntyl-grae.fi\/index.php\/98-2\/\">Palvelut-<\/a>, <a href=\"https:\/\/xn--mntyl-grae.fi\/index.php\/kuvia\">Kuvia-<\/a> ja <a href=\"https:\/\/xn--mntyl-grae.fi\/index.php\/yhteystiedot\/\">Yhteystiedot-sivulla<\/a><\/mark><\/strong> on tarkempi kuvaus toiminnasta.<br><\/p>\n\n\n\n<p>Piha- ja ongelmapuiden kaatopalvelun liiketoiminnasta ja riskien hallinnasta vastaa mets\u00e4talousinsin\u00f6\u00f6ri (ylempi AMK) <a href=\"http:\/\/youtu.be\/d4JRLEQjNe8\">Ari M\u00e4ntyl\u00e4<\/a>. Vuosikymmenien kokemus ongelmapuiden kaadossa, mets\u00e4ty\u00f6ss\u00e4 ja puunkaadon opetuksessa synnytt\u00e4v\u00e4t huippuosaamista sek\u00e4 edellytykset vaativissa olosuhteissa toteuttaa asiakkaan toiveita yksityiskohtaisen <a href=\"https:\/\/www.mela.fi\/uploads\/2019\/01\/27cc929d-ala_putoa_2014.pdf\">turvallisesti<\/a>.<br><\/p>\n\n\n\n<p>Vakuutuksena Piha- ja ongelmapuiden kaatopalvelu M\u00e4ntyl\u00e4ss\u00e4 www.m\u00e4ntyl\u00e4.fi on puunkaatoon tarkoitettu 504 000 euron <a href=\"http:\/\/public.brandgate.fi\/lahitapiola\/lahitapiola\/fi\/tiedostot\/120372\/\">vastuuvakuutus<\/a> L\u00e4hiTapiolassa. T\u00e4m\u00e4 antaa teille mahdollisuuden vaikuttaa taloudelliseen riskiin ongelmapuunkaadossa pihassa tai muussa vaativassa ymp\u00e4rist\u00f6ss\u00e4.&nbsp;<\/p>\n","protected":false},"excerpt":{"rendered":"<p>Pihapuu kasvaa ongelmallisesti kaadettavassa paikassa. Puuston kaataminen toteutetaan ammattitaitoisesti asiakkaan toiveet huomioiden. T\u00e4ss\u00e4 ovat Piha- ja ongelmapuiden kaatopalvelu M\u00e4ntyl\u00e4n liikeidean menestystekij\u00e4t. Piha- ja ongelmapuiden kaatopalvelu M\u00e4ntyl\u00e4n www.m\u00e4ntyl\u00e4.fi perustamisvuosi oli 1998. Tiedot l\u00f6ytyv\u00e4t lis\u00e4ksi Yritys- ja yhteis\u00f6tietoj\u00e4rjestelm\u00e4st\u00e4 (Y-tunnus: 1441052-9). Satakunnassa (Pori, Ulvila, Nakkila, Harjavalta, Kokem\u00e4ki, Luvia, Lavia jne.) omakotitalon omistava on merkitt\u00e4v\u00e4 palveluntilaaja. Kokem\u00e4enjoen ja Pihlavanluodon [&hellip;]<\/p>\n","protected":false},"author":1,"featured_media":0,"parent":0,"menu_order":0,"comment_status":"closed","ping_status":"closed","template":"","meta":{"footnotes":""},"class_list":["post-85","page","type-page","status-publish","hentry"],"_links":{"self":[{"href":"https:\/\/xn--mntyl-grae.fi\/index.php\/wp-json\/wp\/v2\/pages\/85","targetHints":{"allow":["GET"]}}],"collection":[{"href":"https:\/\/xn--mntyl-grae.fi\/index.php\/wp-json\/wp\/v2\/pages"}],"about":[{"href":"https:\/\/xn--mntyl-grae.fi\/index.php\/wp-json\/wp\/v2\/types\/page"}],"author":[{"embeddable":true,"href":"https:\/\/xn--mntyl-grae.fi\/index.php\/wp-json\/wp\/v2\/users\/1"}],"replies":[{"embeddable":true,"href":"https:\/\/xn--mntyl-grae.fi\/index.php\/wp-json\/wp\/v2\/comments?post=85"}],"version-history":[{"count":12,"href":"https:\/\/xn--mntyl-grae.fi\/index.php\/wp-json\/wp\/v2\/pages\/85\/revisions"}],"predecessor-version":[{"id":361,"href":"https:\/\/xn--mntyl-grae.fi\/index.php\/wp-json\/wp\/v2\/pages\/85\/revisions\/361"}],"wp:attachment":[{"href":"https:\/\/xn--mntyl-grae.fi\/index.php\/wp-json\/wp\/v2\/media?parent=85"}],"curies":[{"name":"wp","href":"https:\/\/api.w.org\/{rel}","templated":true}]}}