{"id":98,"date":"2023-04-16T20:43:05","date_gmt":"2023-04-16T20:43:05","guid":{"rendered":"https:\/\/xn--mntyl-grae.fi\/?page_id=98"},"modified":"2024-03-24T20:46:00","modified_gmt":"2024-03-24T20:46:00","slug":"piha-puun-kaato-palvelut","status":"publish","type":"page","link":"https:\/\/xn--mntyl-grae.fi\/index.php\/piha-puun-kaato-palvelut\/","title":{"rendered":"Pihapuun kaatopalvelut"},"content":{"rendered":"\n<p><strong>Miten voin hy\u00f6ty\u00e4 www.m\u00e4ntyl\u00e4.fi puunkaatopalvelusta?<\/strong><br>+ Puusto on&nbsp;<a href=\"https:\/\/xn--mntyl-grae.fi\/wp-content\/uploads\/2024\/03\/16-4.jpg\" data-type=\"link\" data-id=\"https:\/\/xn--mntyl-grae.fi\/wp-content\/uploads\/2024\/03\/16-4.jpg\">hoidettuna<\/a>&nbsp;mukava katsella, se nostaa kiinteist\u00f6n ja l\u00e4himaiseman arvoa.+ Puuston v\u00e4lj\u00e4 kasvatusasento (riitt\u00e4v\u00e4 kasvutila toisiin puihin) nostaa puiden elinvoimaisuutta ja vehreytt\u00e4.+ Puusto luo hoidettuna turvallisen ja viihtyis\u00e4n asuinymp\u00e4rist\u00f6n.+ Saan ammattilaisen osaamisen ja ty\u00f6v\u00e4lineet perusty\u00f6h\u00f6n tai&nbsp;<a href=\"http:\/\/www.youtube.com\/watch?v=y6jEec1e6Gw&amp;feature=BFa&amp;list=PL7AB3DBD217342F3A&amp;lf=results_main&amp;index=1\">riskity\u00f6h\u00f6n<\/a>&nbsp;(myrskyvahinko, salama ym.).+ Ty\u00f6t\u00e4 tehd\u00e4\u00e4n my\u00f6s illalla ja viikonloppuna asiakkaan toiveet huomioiden.<br>+ Rakennuksen roskaantuminen (lehdet, neulaset, kosteus) v\u00e4henee.+ Valon m\u00e4\u00e4r\u00e4 lis\u00e4\u00e4ntyy oleskelutiloissa.+ Puustonhoito&nbsp;<a href=\"https:\/\/www.youtube.com\/watch?v=uUiXx4qNlEI\">jatkuvan kasvatuksen<\/a>&nbsp;mukaisesti (eri-ik\u00e4israkenne, poimintahakkuu) v\u00e4h\u00e4isin maisemallisin muutoksin.+ Puun kasvupaikan optimoiminen. Vaikuttaa maank\u00e4ytt\u00f6 sek\u00e4 puun yksil\u00f6lliset ominaisuudet.+ Puuston monimuotoisuusarvojen (puulajisuhteet) ja kest\u00e4v\u00e4n kehityksen yll\u00e4pito.+ Hoidettu puusto asuinalueella ei ole: vaarallisen yli-ik\u00e4ist\u00e4, sairasta ja kolhittua.+ Rakennusalan lis\u00e4\u00e4minen uudisrakentamisen ja korjausrakentamisen kohteissa.+ Mahdollistuu kotitalousv\u00e4hennys, myyntituloja puista ja polttopuista. Mets\u00e4taloudessa kuluv\u00e4hennys.<br>+ Kokem\u00e4enjoen ja Pihlavanluodon saarihakkuut mm. m\u00f6kit ja loma-asunnot.<br>+ Ihannekeli ty\u00f6h\u00f6n on&nbsp; lumeton, tuuleton ja kuiva.<br>+ Antamalla asiakaspalautetta ja mahdollistaa n\u00e4in laadukkaan palvelun jatkumo.+ Yritysyhteisty\u00f6, verkostoituminen ja kumppanuus&nbsp; luovat monensuuntaista hy\u00f6tymist\u00e4.<\/p>\n\n\n\n<p><strong>Tarjous<a id=\"tarjous\"><\/a><\/strong><br>&#8211; Matkapuhelin:&nbsp;<strong>0400 326 312<\/strong>&nbsp;(yhteydenotto tekstiviestin\u00e4 tai soitettaessa useimmiten vastaaja kytkeytyy p\u00e4\u00e4lle). &nbsp;&#8211; S\u00e4hk\u00f6posti:&nbsp;<strong><a href=\"mailto:ari@m\u00e4ntyl\u00e4.fi\" data-type=\"mailto\" data-id=\"mailto:ari@m\u00e4ntyl\u00e4.fi\">ari@m\u00e4ntyl\u00e4.fi<\/a><\/strong> Tarjouspalvelu sis\u00e4lt\u00e4\u00e4&nbsp;<strong>ilmaisen arvioinnin<\/strong>: puun kunnosta, poistamisen mahdollisuuksista ja ty\u00f6n hinnasta.- Ilmoita: yhteystietosi (nimi, osoite ja puhelinnumero), ty\u00f6nkuvaus lyhyesti ja toive kaatoajankohdasta.- Olen teihin yhteydess\u00e4 puhelimella tai s\u00e4hk\u00f6postin v\u00e4lityksell\u00e4 maksimissaan kahden p\u00e4iv\u00e4n kuluessa.- Katselmus ja tarjous tehd\u00e4\u00e4n yleens\u00e4 ty\u00f6kohteessa. Ty\u00f6t\u00e4 tehd\u00e4\u00e4n&nbsp;<strong>my\u00f6s illalla ja viikonloppuna&nbsp;<\/strong>toiveiden mukaan.<br>&#8211; Tarjousk\u00e4yntiin on mahdollista ajan s\u00e4\u00e4st\u00e4miseksi sis\u00e4llytt\u00e4\u00e4&nbsp;<a href=\"#tarjous\">sopiminen<\/a>.-&nbsp;<a href=\"http:\/\/www.finlex.fi\/fi\/laki\/ajantasa\/1999\/19990132\">Rakennuslaissa<\/a>&nbsp;(128, 130, 133 ja 140 \u00a7) on m\u00e4\u00e4r\u00e4yksi\u00e4 maisematy\u00f6luvasta kaava-alueella ja naapurien kuulemisesta.- Muista kysy\u00e4 ennen tarjouksen pyyt\u00e4mist\u00e4 paikallisesta rakennusvirastosta puunkaatoon tarvittava lupa?<\/p>\n\n\n\n<p>S<strong>opiminen<\/strong><br>&#8211;&nbsp;<a href=\"https:\/\/xn--mntyl-grae.fi\/wp-content\/uploads\/2024\/03\/Kaatosopimus-ja-lasku.pdf\" data-type=\"link\" data-id=\"https:\/\/xn--mntyl-grae.fi\/wp-content\/uploads\/2024\/03\/Kaatosopimus-ja-lasku.pdf\">Urakointisopimus<\/a>&nbsp;t\u00e4ytet\u00e4\u00e4n asiakkaan omistamassa ty\u00f6kohteessa.- Ty\u00f6t\u00e4 tehd\u00e4\u00e4n my\u00f6s illalla ja viikonloppuna toiveiden mukaan.- Urakointisopimukseen kirjataan: yhteystiedot, riskien tunnistus, mit\u00e4 tehd\u00e4\u00e4n ja mill\u00e4 hinnalla.- Kokonaishintaan vaikuttaavat teht\u00e4v\u00e4t ty\u00f6t urakkaa kohden.- Hinnoittelussa huomioitavia asioita on&nbsp;<a href=\"https:\/\/xn--mntyl-grae.fi\/wp-content\/uploads\/2024\/03\/urakka.pdf\" data-type=\"link\" data-id=\"https:\/\/xn--mntyl-grae.fi\/wp-content\/uploads\/2024\/03\/urakka.pdf\">listattu t\u00e4nne<\/a>.<br>&#8211; Urakointisopimus sis\u00e4lt\u00e4\u00e4 laskun (maksuaika kaksi viikkoa) ja se toimii samalla kuittina tehdyst\u00e4 ty\u00f6st\u00e4.- Kuittia voi hy\u00f6dynt\u00e4\u00e4 esimerkiksi verotuksessa haettaessa&nbsp;<a href=\"https:\/\/www.veronmaksajat.fi\/neuvot\/henkiloverotus\/asuminen-ja-auto\/kotitalousvahennys-ja-palkanmaksu\/kotitalousvahennys-ohjeet\/kotitalousvahennys\/#e1af2ee2\">kotitalousv\u00e4hennyst\u00e4<\/a>.<\/p>\n\n\n\n<p><strong>Ty\u00f6suorite<a><\/a><\/strong><\/p>\n\n\n\n<p>Puunkaato voidaan tehd\u00e4 kohteessa erilaisin tavoin.<\/p>\n\n\n\n<ul class=\"wp-block-list\">\n<li><em>Helpossa<\/em>&nbsp;kohteessa kaatoloven avaus moottorisahalla haluttuun kaatosuuntaan ja kaatosahaamalla puun tyvi. T\u00e4ll\u00f6in puun ymp\u00e4rill\u00e4 pit\u00e4\u00e4 olla puun kokoinen tila, minne puu mahtuu ty\u00f6nnett\u00e4ess\u00e4 kaatumaan.&nbsp;<a href=\"http:\/\/www.youtube.com\/watch?v=JiGLzwAgzJM&amp;feature=related\">L\u00e4hde: Video YouTube.<\/a><\/li>\n\n\n\n<li><em>Nostokoriautoa<\/em>&nbsp;hy\u00f6dynt\u00e4en paloittelemalla puu paloina latvasta alkaen alas. Menetelm\u00e4 sopii paikkaan, jossa puun vieress\u00e4 on mahdollisuus ajaa autolla, kaadettavaa puustoa on paljon tai puusto on merkitt\u00e4v\u00e4n lahovikaista.&nbsp;<a href=\"http:\/\/www.youtube.com\/watch?v=U2NTugf81S8\">L\u00e4hde: Video YouTube.<\/a><\/li>\n\n\n\n<li><em>Nosturilla<\/em>&nbsp;nostamalla katkaistu puu osana v\u00e4ljemp\u00e4\u00e4n paikkaan.&nbsp;<a href=\"http:\/\/www.youtube.com\/watch?v=cM046OejZpw&amp;feature=related\">L\u00e4hde: Video YouTube<\/a>,&nbsp;<a href=\"http:\/\/www.youtube.com\/watch?v=kdZlug3lRqg\">Video YouTube<\/a>.<\/li>\n\n\n\n<li><em>Kiipe\u00e4m\u00e4ll\u00e4<\/em>&nbsp;puun latvaan ja paloittelemalla puu moottorisahalla pienin\u00e4 kappaleina maahan. Menetelm\u00e4 sopii hyv\u00e4kuntoisiin puihin ja tiloihin, minne ei voida koneilla ajaa. Ahtaat tilat, hankala maasto (pehme\u00e4, kumpuileva) ja asiakkaan ymp\u00e4rist\u00f6lle asettamat tavoitteet ovat kiipeilykaatoa edist\u00e4vi\u00e4 tekij\u00f6it\u00e4. L\u00e4hde:&nbsp;<a href=\"http:\/\/www.youtube.com\/watch?v=N0ce1zfa5pM\">Video YouTube,<\/a>&nbsp;<a href=\"http:\/\/www.youtube.com\/watch?v=_VLHd6FBBzE\">Video YouTube<\/a>&nbsp;&amp;&nbsp;<a href=\"http:\/\/www.youtube.com\/watch?v=da_tIIjDPog&amp;feature=related\">Video YouTube.<\/a><\/li>\n<\/ul>\n\n\n\n<p>Puunkaadon j\u00e4lkeen&nbsp;<em>v\u00e4hemm\u00e4n riskialttiit ty\u00f6t ja niiden toteutus.<\/em><\/p>\n\n\n\n<ul class=\"wp-block-list\">\n<li>Asiakkaalla on mahdollisuus halutessaan&nbsp;<em>suorittaa osa ty\u00f6st\u00e4 itse<\/em><small><em>&nbsp;<\/em><\/small>kunnon, ammattitaidon ja ty\u00f6kalujen rajoissa ja s\u00e4\u00e4st\u00e4\u00e4 kokonaiskustannuksissa.<\/li>\n\n\n\n<li>Puu voidaan asiakastoiveen mukaan&nbsp;<a href=\"http:\/\/www.youtube.com\/watch?v=2XZgB8JNXyk&amp;feature=related\">karsia<\/a>&nbsp;ja&nbsp;<a href=\"http:\/\/www.youtube.com\/watch?v=OaCWrDigafg&amp;NR=1\">katkoa<\/a>&nbsp;<em>osana kokonaisurakkaa&nbsp;<\/em>halutun mittaisiksi pidemmiksi paloiksi (<a href=\"http:\/\/fi.wikipedia.org\/wiki\/Tukki_%28puu%29\">tukeiksi<\/a>) tai lyhyemmiksi paloiksi (<a href=\"http:\/\/www.halkoliiteri.com\/?id=577\">polttopuuksi<\/a>). Katkontapituuteen vaikuttavat puun siirtomahdollisuudet ja loppuk\u00e4ytt\u00f6.<\/li>\n\n\n\n<li>Polttopuiden halkaisuun<em>&nbsp;vuokraan<\/em>&nbsp;polttomoottorik\u00e4ytt\u00f6ist\u00e4&nbsp;<a href=\"https:\/\/www.youtube.com\/watch?v=j6ogo_vT_as\">konetta<\/a>. Koneella halkeaa&nbsp;<a href=\"http:\/\/www.youtube.com\/watch?v=KCJADv2shNE&amp;feature=related\">kirvest\u00e4<\/a>&nbsp;kevyemmin paksutkin (60cm) puut. Puunhalkaisukoneen mainos l\u00f6ytyy sivun alareunassa.<\/li>\n\n\n\n<li><em>Puutavaran ja oksien k\u00e4sittelyst\u00e4 sek\u00e4 poiskuljetuksesta<\/em>&nbsp;sovitaan tapauskohtaisesti.<\/li>\n\n\n\n<li><strong>Vuokraus<\/strong><\/li>\n\n\n\n<li>&#8211; Vuokraan polttomoottorik\u00e4ytt\u00f6ist\u00e4 puunhalkaisukonetta lis\u00e4palveluna puunkaatoasiakkaille.- Lis\u00e4tietoa koneesta valmistajan sivuilta mm:\u00a0<a href=\"https:\/\/www.youtube.com\/watch?v=j6ogo_vT_as\">video<\/a>,\u00a0<a href=\"https:\/\/palax.fi\/wp-content\/uploads\/2022\/12\/ohje-ja-varaosakirja-x600-1-2017-FI.pdf\" data-type=\"link\" data-id=\"https:\/\/palax.fi\/wp-content\/uploads\/2022\/12\/ohje-ja-varaosakirja-x600-1-2017-FI.pdf\" target=\"_blank\" rel=\"noreferrer noopener\">ohje- ja varaosakirja<\/a>.<\/li>\n\n\n\n<li>&#8211; Valmistajan www-sivut&nbsp;<a href=\"http:\/\/www.palax.fi\">t\u00e4\u00e4lt\u00e4<\/a>.<\/li>\n<\/ul>\n","protected":false},"excerpt":{"rendered":"<p>Miten voin hy\u00f6ty\u00e4 www.m\u00e4ntyl\u00e4.fi puunkaatopalvelusta?+ Puusto on&nbsp;hoidettuna&nbsp;mukava katsella, se nostaa kiinteist\u00f6n ja l\u00e4himaiseman arvoa.+ Puuston v\u00e4lj\u00e4 kasvatusasento (riitt\u00e4v\u00e4 kasvutila toisiin puihin) nostaa puiden elinvoimaisuutta ja vehreytt\u00e4.+ Puusto luo hoidettuna turvallisen ja viihtyis\u00e4n asuinymp\u00e4rist\u00f6n.+ Saan ammattilaisen osaamisen ja ty\u00f6v\u00e4lineet perusty\u00f6h\u00f6n tai&nbsp;riskity\u00f6h\u00f6n&nbsp;(myrskyvahinko, salama ym.).+ Ty\u00f6t\u00e4 tehd\u00e4\u00e4n my\u00f6s illalla ja viikonloppuna asiakkaan toiveet huomioiden.+ Rakennuksen roskaantuminen (lehdet, neulaset, [&hellip;]<\/p>\n","protected":false},"author":1,"featured_media":0,"parent":0,"menu_order":0,"comment_status":"closed","ping_status":"closed","template":"","meta":{"footnotes":""},"class_list":["post-98","page","type-page","status-publish","hentry"],"_links":{"self":[{"href":"https:\/\/xn--mntyl-grae.fi\/index.php\/wp-json\/wp\/v2\/pages\/98","targetHints":{"allow":["GET"]}}],"collection":[{"href":"https:\/\/xn--mntyl-grae.fi\/index.php\/wp-json\/wp\/v2\/pages"}],"about":[{"href":"https:\/\/xn--mntyl-grae.fi\/index.php\/wp-json\/wp\/v2\/types\/page"}],"author":[{"embeddable":true,"href":"https:\/\/xn--mntyl-grae.fi\/index.php\/wp-json\/wp\/v2\/users\/1"}],"replies":[{"embeddable":true,"href":"https:\/\/xn--mntyl-grae.fi\/index.php\/wp-json\/wp\/v2\/comments?post=98"}],"version-history":[{"count":19,"href":"https:\/\/xn--mntyl-grae.fi\/index.php\/wp-json\/wp\/v2\/pages\/98\/revisions"}],"predecessor-version":[{"id":362,"href":"https:\/\/xn--mntyl-grae.fi\/index.php\/wp-json\/wp\/v2\/pages\/98\/revisions\/362"}],"wp:attachment":[{"href":"https:\/\/xn--mntyl-grae.fi\/index.php\/wp-json\/wp\/v2\/media?parent=98"}],"curies":[{"name":"wp","href":"https:\/\/api.w.org\/{rel}","templated":true}]}}